. Let y(z) = -5*c(z) + 3*x(z). What is y(a)?
12
Let q(j) = -14*j - 8. Let v(g) = g + 1. Let l(z) = q(z) + 10*v(z). Suppose 0 = -k + 4*k - 6. Give l(k).
-6
Let z(k) = k**3 - 3*k**2 - 4. Let s be 12/20*(-2 - -7). What is z(s)?
-4
Let x = 11 + -7. Let c be (-1)/(3 + (-26)/8). Let g(s) = 4 - 5*s + 4*s + 2 - c. Calculate g(x).
-2
Let p(a) = -3*a + 9. Let z(j) = -6*j + 17. Let k(q) = -5*p(q) + 3*z(q). Let i(b) = b - 2. Let s(l) = 11*i(l) + 4*k(l). Calculate s(0).
2
Let c = 12 - 17. Let u be (-8)/44 + (-567)/(-33). Let b(v) = 5 + 5*v**2 + 0*v + 18*v**3 + 3*v - u*v**3. What is b(c)?
-10
Let y(u) = -u**2 - 5*u + 4. Let r be y(-5). Let c(z) = 3*z - 9 - 5*z + 2 + r*z. What is c(5)?
3
Let j(u) = u**2 + 5*u - 8. Let q be j(-7). Suppose q*d = d + 10. Let f(i) = -2*i**3 + 3*i**2 - i - 2. Calculate f(d).
-8
Let t be -3 + 7 - (6 + -4). Let k(g) = -4*g**t + 2 - 2 + 4*g - 5*g. What is k(-1)?
-3
Let r = -491/4 + 123. Let t(x) be the first derivative of 3/2*x**2 + 2*x - x**3 - 3 - r*x**4. Calculate t(-4).
6
Let u(j) = -5*j**2 + 22*j. Let y be u(4). Let t(c) = -c**3 + 7*c**2 + 7*c + 1. What is t(y)?
-7
Let j(z) = -2*z - 2. Let q be j(-9). Suppose 3*k = -k + q, 3*n - k = 8. Let d(i) = 5 + 2*i - 2*i + 2*i**2 - n*i - i**2. Give d(4).
5
Suppose 0*s - 16 = 4*s. Let n(r) = -2*r - 9. Let v(j) = -j - 4. Let f(a) = s*n(a) + 9*v(a). What is f(-1)?
1
Let p(h) = 0*h + 0*h - 3*h + h - 4. Calculate p(-3).
2
Let n(x) = 11*x**3 - 23*x**2 + 9*x + 26. Let s(g) = -4*g**3 + 8*g**2 - 3*g - 9. Let r(h) = 6*n(h) + 17*s(h). Let o be 253/(-115) - 2/(-10). Give r(o).
5
Suppose -n = -4 + 3. Let y(s) be the first derivative of -s**5/60 + s**4/24 - s**3/3 + 4. Let m(z) be the third derivative of y(z). Determine m(n).
-1
Let r(c) = c**2 + 7*c + 7. Let b(g) = -g - 5. Suppose 0 = 3*a - 6 + 18. Let y(h) = h**2 + 5*h + 4. Let q be y(a). Let n be b(q). Give r(n).
-3
Suppose 5 = 2*l + 3. Suppose -3*u + 3 = -9. Suppose 2*b = -b + 5*v - 13, -3*v = -u*b + l. Let h(w) = w**2 - 7*w + 5. Determine h(b).
-7
Let y(d) = -3*d + 3. Let z(k) = -2*k + 4. Let u(w) = 3*y(w) - 2*z(w). Let c = -100 + 101. Determine u(c).
-4
Let o(n) be the second derivative of n**4/12 - n**3/6 + n**2/2 - 18*n. Determine o(3).
7
Let r(j) = j**3 - 3*j**2 + 1. Let m be r(2). Let y be (15/10)/(m/4). Let o(b) = b + 1. Let h(x) = -x**2 + 4*x + 6. Let s(v) = -h(v) + 4*o(v). Calculate s(y).
2
Let q(y) be the first derivative of -2/3*y**3 - 1/120*y**5 + 0*y**2 - 2 + 0*y - 1/8*y**4. Let r(w) be the third derivative of q(w). What is r(-5)?
2
Let i(j) = -6*j - 1. Let z be i(-1). Let m(x) be the second derivative of x**3/3 - 2*x**2 - 111*x. Give m(z).
6
Let t(y) = 5 + y - 2*y - y + 3*y. Calculate t(-4).
1
Let g(f) = 21*f - 48. Let w(m) = -3*m + 7. Let n(k) = 4*g(k) + 27*w(k). Let s be -9*(4/(-3) - -1). Give n(s).
6
Let i(k) = -k**2 - 1 - 1 - 1 + 4. Give i(2).
-3
Let d(s) be the first derivative of s**3/3 - 5*s**2 + 4*s - 6. Give d(8).
-12
Let n = -1 + 5/3. Let r(w) be the first derivative of -1/4*w**4 + 1 - 3*w + n*w**3 + 2*w**2. Determine r(3).
0
Suppose 0 = 2*v - 0*v. Let w(l) = 2 + v + l + 3*l**2 + 2*l. Let a(y) = -2*y + 6. Let u be a(4). Determine w(u).
8
Suppose -2*y + y - 3*k = 7, -5*k = 4*y + 7. Let z(f) = y + 3*f - 5 - 6 + 2*f. Let b(i) = 6*i - 10. Let q(w) = 3*b(w) - 4*z(w). What is q(5)?
-4
Suppose -5*c - 17 = -h, -1 = 2*c + 2*h + 1. Let v = c - -6. Let y(p) = -5 - 5*p**2 + 4 - p**3 - p - v*p. Determine y(-3).
-7
Let s(l) = -l**3 + 2*l**2 - 2*l - 1. Let w = 117 + -115. Calculate s(w).
-5
Let i(o) = o + 6. Let r be i(-5). Let h(a) = -r - 2*a + 0*a**2 - 1 - a**2. Let t = -3 - 0. Calculate h(t).
-5
Let q(i) = 11*i**2 + 14*i - 9. Suppose 11 = -5*g - 4. Let x(v) = 4*v**2 + 5*v - 3. Let m(t) = g*q(t) + 8*x(t). Suppose 3*h + 0*h + 9 = 0. Determine m(h).
0
Let v(w) = 0*w**2 - 5 + 5*w + 0 + w**2. Let j be ((-3)/(-2))/(4/(-16)). Give v(j).
1
Let x(g) = -g + 4. Let j be x(0). Let p(i) = 4*i**2 - 2*i + 5*i - j - i**3 + i**2 + 5*i. Calculate p(6).
8
Let v be (-2)/(-4) - 1/(-2). Suppose 0 = 4*t + v - 5. Let x(y) = -y**3 - y**2 + y. Let i(n) = -3*n**3 - n**2 + n - 4. Let j(r) = t*i(r) - 2*x(r). What is j(0)?
-4
Suppose 0*f = -5*f. Let s(u) = u. Determine s(f).
0
Let g(n) = n**2 + n + 3. Let k = 8 - 11. Determine g(k).
9
Let l(m) = m**3 - 3*m**2 - 6*m + 5. Suppose 0 = -q + 5 - 1. Suppose 0*u + 28 = 3*c + 4*u, -2*c - q*u + 24 = 0. Calculate l(c).
-3
Let w(o) be the first derivative of -o**3/3 - 7*o**2/2 - 3*o - 1. Suppose -4*u + 4 + 8 = 0. Let l(x) = -x - 2. Let d be l(u). Calculate w(d).
7
Let y(b) = 9*b**3 - b**2 + b - 1. Let f be y(1). Let a(u) = u**3 + 8*u**2 + 7*u + 4. Let q be a(-7). Let v = q - f. Let w(n) = 2*n**2 + 5*n - 3. Give w(v).
9
Let k(r) = -r - 5. Let f be (-4 - (-3 - -3)) + -1. Calculate k(f).
0
Let l(p) be the first derivative of p**4/4 - p**3 - 3*p + 7. Let n(g) = g**2 + 9*g + 11. Let j be n(-8). Give l(j).
-3
Let z(q) be the third derivative of 0 - 1/6*q**3 + 0*q - 5*q**2 - 1/12*q**4. Suppose -4*g - 10 + 34 = 4*p, -2*p - 3 = -g. Determine z(p).
-3
Let m(w) = -1 + 0*w + 4 - w - w. Let a be m(4). Let r(b) = -2*b - 5. Determine r(a).
5
Let t(g) = -1 - 2 - g**2 + 7 - g. Let w = 30 - 11. Let p = -19 + w. Determine t(p).
4
Let x(q) = -q + 8. Suppose 0 = 2*a + y - 5, -5*a - 5 = -3*y + 10. Give x(a).
8
Let j(m) = -m**2 + 5*m + 7. Suppose -3*a = 2*o + 22, -a - 2*o + 3*o = 9. Let i(h) = h**3 + 9*h**2 + 8*h + 5. Let g be i(a). Determine j(g).
7
Let y(o) = 5*o**2 + 3. Let x(l) = 15*l**2 + 2*l - 13. Let m(u) = -7*u**2 - u + 6. Let a(h) = 13*m(h) + 6*x(h). Let w(k) = 4*a(k) + y(k). Calculate w(2).
-1
Let s(f) be the third derivative of -f**2 + 1/12*f**4 + 0*f - 1/30*f**5 + 0 - 1/3*f**3. Calculate s(2).
-6
Let s be (1 - (1 + 1))*5. Let b(t) = 1. Let o(k) = -k**2 - 6*k. Let u(d) = 5*b(d) - o(d). Give u(s).
0
Let w(p) be the third derivative of -p**2 + 1/30*p**5 + 1/6*p**3 + 0*p + 0 + 1/24*p**4. Suppose -4 = 3*b - b. Determine w(b).
7
Let b(v) = v + 1. Suppose -4*t + 3*t = 1. What is b(t)?
0
Let o = 21 - 16. Let r(q) = o*q + 4*q - 4*q - 4*q + 1. What is r(6)?
7
Let y(x) = 2*x**2 + 4*x - 1. Suppose c - 6 = 4*j + 3, 0 = 4*c + 3*j + 21. Give y(c).
5
Let y be (6/(-10))/(3/(-30)). Suppose 3*p = y*p + 15. Let q(k) = -2*k - 5. Give q(p).
5
Let l(s) = -s**2 + 1. Let n be l(0). Let t(f) = n - 2*f - 2 - f + 4*f. Suppose 2*c + 0*c - 3*k = -9, -12 = -2*c - 4*k. What is t(c)?
-1
Let n(p) be the third derivative of -p**7/840 - 7*p**6/360 - p**5/24 - 5*p**3/6 - 4*p**2. Let w(u) be the first derivative of n(u). What is w(-6)?
-6
Let b(p) = 7*p**2 + 10*p + 5. Suppose -3*i - 5*l - 11 - 19 = 0, 3*i = 5*l. Let j(g) = g - 8 - 11*g**2 - 13*g - 3*g. Let r(v) = i*j(v) - 8*b(v). Give r(-4).
4
Let h(o) = -o**2 + 115 + 0*o - 120 - 6*o. Give h(-6).
-5
Let x(s) = -s**2 + 4*s + 7. Let r be x(5). Let k(b) = -17*b + 16*b + 1 - r. Determine k(-3).
2
Let f(c) = -2*c**2 + 7*c + 4. Let n(a) = -a**2 + 7*a + 3. Let j(y) = 2*f(y) - 3*n(y). What is j(-6)?
5
Let p(c) = -c**2 + 3*c. Let z(u) = -u**2 + 2*u. Let t(l) = -4*p(l) + 5*z(l). Suppose 10 = 5*f, 0 = -3*n + 2*n - 3*f + 3. What is t(n)?
-3
Let d(s) = s - 4. Let n(z) = 1. Let t(f) = d(f) + 3*n(f). Give t(4).
3
Let a(r) = 15*r**3 + 5*r**2 - r + 2. Let h(f) = -5*f**3 + 3*f**3 + 2*f**2 + 9*f**3 + 1. Let z(d) = 2*a(d) - 5*h(d). Let l(c) = -c + 7. Let w be l(8). Give z(w).
6
Let q(n) = n**3 + 3*n**2 - n - 1. Let j be 4 - (8 + -2 - 0). Give q(j).
5
Let j = 4 - 2. Let f be (j/(-5))/((-1)/(-10)). Let x be 8/10*20/f. Let h(l) = l**3 + 4*l**2 - 2*l - 2. Calculate h(x).
6
Let u be 1 - 3/6*24. Let d(x) = -x**3 - 11*x**2 - 2. Calculate d(u).
-2
Let z(g) = -g - 2. Let s be z(4). Let l = -4 - s. Let x(o) = -6*o + 2. Determine x(l).
-10
Let c(b) be the third derivative of -b**5/20 + b**4/12 + b**3/3 + 4*b**2. What is c(2)?
-6
Let u = 48 - 45. Let k(p) = p**3 - 2*p**2 - 2*p - 3. Determine k(u).
0
Let c(o) be the third derivative of o**5/60 + o**4/12 - o**3/3 - o**2. Let v be c(-3). Let f(w) = -6*w - 1. Calculate f(v).
-7
Let q(i) = -2*i - 4 + 0 + 0*i. Suppose -7*z - 49 = -14. What is q(z)?
6
Let k = 13 - 11. Let d(u) = u**2 - u + 1. Let i(x) = -x**3 + 5*x**2 - 4*x + 5. Let z(h) = -4*d(h) + i(h). Calculate z(k).
-3
Let y(z) = -z**3 - 12*z**2 - 12*z - 2. Suppose 71 = -5*t + 16. Calculate y(t).
9
Let a(u) = u**2 + 5 - 4*u - 2 + 0 - 4. Let h = 8 - 5. G